at is the tens digit of 7728?
2
What is the ten thousands digit of 54346?
5
What is the tens digit of 1460?
6
What is the ten thousands digit of 11978?
1
What is the units digit of 86738?
8
What is the units digit of 8128?
8
What is the hundreds digit of 6177?
1
What is the thousands digit of 3082?
3
What is the hundreds digit of 24586?
5
What is the thousands digit of 6991?
6
What is the tens digit of 14460?
6
What is the thousands digit of 3270?
3
What is the tens digit of 854?
5
What is the ten thousands digit of 20134?
2
What is the hundreds digit of 667?
6
What is the tens digit of 7583?
8
What is the units digit of 1262?
2
What is the units digit of 51203?
3
What is the tens digit of 355?
5
What is the thousands digit of 17011?
7
What is the units digit of 9428?
8
What is the tens digit of 3721?
2
What is the thousands digit of 2642?
2
What is the tens digit of 1344?
4
What is the ten thousands digit of 46295?
4
What is the thousands digit of 2228?
2
What is the units digit of 24604?
4
What is the thousands digit of 1179?
1
What is the thousands digit of 7005?
7
What is the units digit of 100890?
0
What is the thousands digit of 46056?
6
What is the thousands digit of 57688?
7
What is the hundreds digit of 2000?
0
What is the hundreds digit of 32351?
3
What is the tens digit of 16271?
7
What is the hundreds digit of 14542?
5
What is the tens digit of 1023?
2
What is the hundreds digit of 8593?
5
What is the tens digit of 5802?
0
What is the hundreds digit of 2565?
5
What is the thousands digit of 61517?
1
What is the ten thousands digit of 13594?
1
What is the units digit of 104928?
8
What is the units digit of 162?
2
What is the tens digit of 324?
2
What is the thousands digit of 5230?
5
What is the tens digit of 197?
9
What is the hundreds digit of 659?
6
What is the units digit of 8811?
1
What is the units digit of 5362?
2
What is the hundreds digit of 1645?
6
What is the ten thousands digit of 44309?
4
What is the tens digit of 8531?
3
What is the thousands digit of 10800?
0
What is the hundreds digit of 372?
3
What is the thousands digit of 5845?
5
What is the thousands digit of 24932?
4
What is the units digit of 1244?
4
What is the tens digit of 3248?
4
What is the tens digit of 2463?
6
What is the thousands digit of 1886?
1
What is the hundreds digit of 1414?
4
What is the hundreds digit of 6500?
5
What is the tens digit of 1386?
8
What is the ten thousands digit of 18893?
1
What is the units digit of 10441?
1
What is the tens digit of 7671?
7
What is the tens digit of 5511?
1
What is the hundreds digit of 27642?
6
What is the thousands digit of 37255?
7
What is the units digit of 444?
4
What is the hundreds digit of 639?
6
What is the hundreds digit of 970?
9
What is the tens digit of 81?
8
What is the tens digit of 1583?
8
What is the tens digit of 9800?
0
What is the thousands digit of 20641?
0
What is the tens digit of 315?
1
What is the thousands digit of 1316?
1
What is the units digit of 16688?
8
What is the hundreds digit of 2841?
8
What is the units digit of 573?
3
What is the tens digit of 43404?
0
What is the ten thousands digit of 13543?
1
What is the units digit of 95713?
3
What is the units digit of 3758?
8
What is the ten thousands digit of 17047?
1
What is the tens digit of 16366?
6
What is the thousands digit of 7178?
7
What is the units digit of 1882?
2
What is the hundreds digit of 869?
8
What is the hundreds digit of 2449?
4
What is the hundreds digit of 1160?
1
What is the tens digit of 67266?
6
What is the units digit of 25796?
6
What is the tens digit of 4227?
2
What is the thousands digit of 1341?
1
What is the thousands digit of 1186?
1
What is the tens digit of 13238?
3
What is the units digit of 1668?
8
What is the ten thousands digit of 10147?
1
What is the hundreds digit of 20666?
6
What is the units digit of 6027?
7
What is the hundreds digit of 1456?
4
What is the tens digit of 16221?
2
What is the tens digit of 708?
0
What is the hundreds digit of 1685?
6
What is the units digit of 8910?
0
What is the hundreds digit of 8367?
3
What is the ten thousands digit of 20938?
2
What is the hundreds digit of 2183?
1
What is the tens digit of 677?
7
What is the hundreds digit of 23333?
3
What is the thousands digit of 1629?
1
What is the tens digit of 1841?
4
What is the units digit of 6?
6
What is the hundreds digit of 28040?
0
What is the hundreds digit of 2852?
8
What is the ten thousands digit of 10695?
1
What is the thousands digit of 1079?
1
What is the tens digit of 753?
5
What is the units digit of 46735?
5
What is the tens digit of 104800?
0
What is the hundreds digit of 314?
3
What is the hundreds digit of 8230?
2
What is the thousands digit of 1572?
1
What is the hundreds digit of 1070?
0
What is the thousands digit of 8611?
8
What is the thousands digit of 9753?
9
What is the thousands digit of 2526?
2
What is the tens digit of 7608?
0
What is the tens digit of 6863?
6
What is the tens digit of 44112?
1
What is the units digit of 4434?
4
What is the hundreds digit of 5282?
2
What is the hundreds digit of 8216?
2
What is the units digit of 138?
8
What is the tens digit of 1543?
4
What is the ten thousands digit of 34943?
3
What is the tens digit of 11264?
6
What is the units digit of 16717?
7
What is the tens digit of 799?
9
What is the units digit of 830?
0
What is the units digit of 4028?
8
What is the units digit of 3859?
9
What is the tens digit of 8679?
7
What is the units digit of 925?
5
What is the units digit of 1724?
4
What is the hundreds digit of 5705?
7
What is the hundreds digit of 383?
3
What is the hundreds digit of 282?
2
What is the tens digit of 4202?
0
What is the units digit of 307?
7
What is the hundreds digit of 702?
7
What is the tens digit of 7441?
4
What is the units digit of 13909?
9
What is the hundreds digit of 564?
5
What is the tens digit of 5471?
7
What is the units digit of 534?
4
What is the hundreds digit of 7351?
3
What is the hundreds digit of 8860?
8
What is the units digit of 12963?
3
What is the units digit of 78?
8
What is the tens digit of 1073?
7
What is the thousands digit of 1844?
1
What is the tens digit of 631?
3
What is the hundreds digit of 2595?
5
What is the hundreds digit of 12737?
7
What is the tens digit of 4992?
9
What is the hundreds digit of 3373?
3
What is the units digit of 4421?
1
What is the hundreds digit of 34469?
4
What is the tens digit of 12828?
2
What is the hundreds digit of 2271?
2
What is the tens digit of 14179?
7
What is the thousands digit of 6270?
6
What is the units digit of 729?
9
What is the tens digit of 55263?
6
What is the thousands digit of 1133?
1
What is the ten thousands digit of 80301?
8
What is the tens digit of 704?
0
What is the hundreds digit of 2315?
3
What is the tens digit of 2740?
4
What is the hundreds digit of 3660?
6
What is the hundreds digit of 2718?
7
What is the units digit of 457?
7
What is the thousands digit of 1631?
1
What is the tens digit of 412?
1
What is the units digit of 26396?
6
What is the tens digit of 30078?
7
What is the hundreds digit of 5347?
3
What is the units digit of 716?
6
What is the units digit of 14633?
3
What is the ten thousands digit of 11213?
1
What is the tens digit of 7563?
6
What is the tens digit of 103?
0
What is the thousands digit of 5118?
5
What is the hundreds digit of 82496?
4
What is the units digit of 52040?
0
What is the thousands digit of 5994?
5
What is the thousands digit of 2252?
2
What is the units digit of 609?
9
What is the hundreds digit of 6318?
3
What is the hundreds digit of 1242?
2
What is the ten thousands digit of 41484?
4
What is the tens digit of 13993?
9
What is the tens digit of 3209?
0
What is the tens digit of 57240?
4
What is the tens digit of 1613?
1
What is the thousands digit of 154877?
4
What is the hundreds digit of 2372?
3
What is the tens digit of 10252?
5
What is the units digit of 622?
2
What is the thousands digit of 119406?
9
What is the hundreds digit of 7462?
4
What is the tens digit of 62436?
3
What is the hundreds digit of 91747?
7
What is the units digit of 11212?
2
What is the thousands digit of 5938?
5
What is the units digit of 221?
1
What is the thousands digit of 1596?
1
What is the hundreds digit of 938?
9
What 